)
18
(5 - 14) + (-2 - 17 - -16)
-12
Calculate -324 - -330 - (1 + -6 - (0 - 3)).
8
(37 - 36) + (2 - -2) - 3
2
-4 + (-1 - -1) - (-57 + 54)
-1
(-3 + -5 - (1 + -15 - -11)) + 8
3
What is the value of -5 - (-2 + 17) - -2 - (1 + 0)?
-19
-19 - (-2 - 7) - (1 + -22)
11
Evaluate -30 + (-52 - -62) - (-1 - -4).
-23
Calculate ((3 - 11) + 1 - -1) + (-36 - -34).
-8
-8 + (6 + -13 - -22) + -8 + -2
-3
Evaluate (-7 - -3 - -3) + (-21 - (-44 - -12)).
10
-5 - 1 - (-14 + 6 - 0) - -18
20
Evaluate 11 + (-12 - -7) - (-7 - -2) - 7.
4
What is the value of -1 - -4 - 0 - (42 - (82 - 38))?
5
Calculate -1 - -7 - -2 - (673 + -680).
15
Calculate -10 - (12 - 5 - -3 - 3).
-17
What is 23 + -29 + 27 + -9 - (1 - 1)?
12
What is the value of 10 + -3 + (-9 - 5)?
-7
Evaluate 38 + (-57 + 9 - -37).
27
Evaluate (-6 - (-20 - 1 - (-66 - -58))) + -4.
3
What is the value of 4 + 1 + (10 + -5 - 14 - -4)?
0
(0 - 8) + 0 + 7 + (3 - -5)
7
Evaluate (-18 - (-8 + 0 + -2)) + -3.
-11
Evaluate -414 + 466 + -44 + 3.
11
What is -7 + -1 + (14 - 1) - -4?
9
Calculate -9 + (-14 - -10 - -6) + 8.
1
-5 - 1 - 0 - (17 - (17 + 6))
0
Calculate -1 - (9 - -3 - 1) - -18.
6
Calculate 16 + (-41 - (11 + -28)).
-8
Calculate 2 - (-4 + 18 + (-5 - -1)).
-8
What is the value of (-5 - -3) + -5 + (-8 - -32) + 1?
18
-1 + (15 - (-5 - -11) - 36)
-28
What is (-10 - (-4 + -5) - (-18 - -3)) + -7?
7
What is (0 - 8) + 88 + -57 + 0?
23
What is the value of -19 - -3 - (16 - ((-9 - 0) + 16))?
-25
-14 - (-21 + (8 - -5))
-6
Calculate 2 + (-32 - -9) + 7.
-14
What is 7 - (2 + -1 - (165 + -151))?
20
Calculate -12 + 21 + (-13 - -3).
-1
Calculate (6 + -3 - 8 - (-6 - 2)) + -17.
-14
(-23 + 7 - -21) + (-8 - -1)
-2
Evaluate (-26 - -8) + -1 + -3 + 7 + -5.
-20
What is (-1 - -17 - -2) + 7 + -15 + -1?
9
What is 25 - 31 - (44 - (11 + -1))?
-40
What is the value of (-28 - -20) + 1 - -16?
9
What is the value of 30 - (13 - 1) - 12?
6
(-56 + 19 - -25) + 37
25
18 + 16 + -11 + -32
-9
What is -4 + (4 - 6) + -4 + 6 - -15?
11
Calculate (-1 - -2) + (-73 - -85).
13
Evaluate (-10 - -7 - -4) + -15 - 13.
-27
What is the value of 3 + -2 + -12 - (40 - 48)?
-3
Evaluate -35 + (11 - 17 - -24).
-17
(-7 - (7 + -5 + -31)) + -10
12
Calculate (34 - 20 - 15) + -16 + (-1 - -11).
-7
Evaluate 4 - ((-1 - 20) + (0 - -4)).
21
Calculate 0 + 47 + -20 + -1.
26
Calculate -1 + (1 - -22) - (0 - -9).
13
What is the value of (-3 - 11) + (14 - -1)?
1
Evaluate -23 + (-7 - (-19 - 42)).
31
900 - 928 - (1 + -34)
5
-4 - (3 + 8 + -6 + -4) - -2
-3
Evaluate 4 + -10 + -1 + 17 + 5 + 5.
20
Evaluate -60 + 68 + (-5 + -25 + -5 - -5).
-22
Calculate (-25 - (-8 - 2) - -3) + (42 - 1).
29
Evaluate 41 + -50 - (-3 - 0 - -8).
-14
Calculate 3 + -4 + -2 + -4 + (-4 - -2).
-9
Calculate -252 + 232 + 0 + -3 + -3.
-26
What is the value of 31 + 19 + -12 - 21?
17
What is the value of 0 + (-8 + 0 - (-19 - (37 + -23)))?
25
6 + -26 + (-40 - (-35 - -16))
-41
Calculate 5 - (-20 - -36 - ((-2 - 0) + 4)).
-9
-3 + 0 - 0 - (-10 + 17)
-10
Evaluate 21 - 5 - (6 - -2).
8
Evaluate -22 + (-9 - -19 - 1).
-13
Evaluate -1 + 19 + -6 + 4.
16
-10 + 29 - 17 - (-2 - 4)
8
(-4 - (-32 - (13 - 28))) + -12
1
Calculate (-7 - (-10 + -5)) + -8 - 8.
-8
Calculate (-6 - -7) + 2 + (-1 - 2) + -5.
-5
(1 - -3 - 8) + -5 - 0
-9
What is the value of (-29 - -4 - (-48 - -37)) + 16?
2
Evaluate (9 - 29) + 20 + 16.
16
-26 - -18 - -69 - 35
26
What is the value of (12 - -1 - (4 - 0)) + -8?
1
Evaluate -5 + -2 + (-7 + 12 - -7) - -14.
19
What is the value of -5 + (-17 + 7 - -10 - (1 + 3))?
-9
Calculate 8 + 1 + -6 + -13 + 17 + -2.
5
What is (-16 - 5) + 2 + 25?
6
Calculate 27 + -14 + (4 + -15 - -28).
30
Evaluate (3 - 2) + 12 + (-24 - -29).
18
What is 10 - (13 + 9 + -4)?
-8
What is the value of -21 - -6 - ((6 - 18) + 3)?
-6
Evaluate 17 + (15 - (39 + -12)).
5
-8 + 5 + 13 - 11
-1
-8 + (5 - -11) + -23 - (8 + 1)
-24
What is (-5 - 0) + 752 + -752?
-5
What is -1 + 15 - (-1 - (-4 - (10 + -10)))?
11
Calculate -16 + (-6 - -5 - -37) + 6.
26
-15 + (-15 - -17) - -6
-7
Evaluate -5 - -14 - 5 - 2.
2
Calculate (-3 - -7) + -8 - -4 - -1.
1
Calculate 30 - (3 - (-1 - (8 - 7))) - 5.
20
(-53 - -32) + -19 + 8
-32
Calculate -142 + 179 - (51 - -1).
-15
Calculate -1 + -3 + (1 - (6 + -15)).
6
What is -8 - (13 + -30 + 5)?
4
What is the value of -14 + (8 + -7 - -1) - 3?
-15
Calculate -5 + (7 + 6 - -8 - (-6 - -1)).
21
Evaluate -4 + 10 + -38 + 23 - -13.
4
Evaluate -9 + (2 - -2 - (0 + 6 - 3)).
-8
7 + 7 - 2 - 4 - 4
4
Evaluate -5 - (14 + -2 + -1 + -4).
-12
Evaluate 27 - 26 - (3 + -2 - 5).
5
(-29 - -41) + (-2 - 25)
-15
-8 - (-14 + -10 + 20 + 10 - -4)
-18
What is 4 + -7 + (-5 - (4 - 0))?
-12
Evaluate 12 + (7 - ((6 - -1) + -7 + 6)).
13
-2 - 1 - 1 - (24 - 40)
12
-1 + -2 + (12 - (6 + 9))
-6
What is the value of 70 + -61 - (19 + 0 + -3)?
-7
What is the value of -5 + (3 - (-4 - -3)) + -5 - -17?
11
What is 1 - ((-23 - -9) + 0 + -9 + 1)?
23
Evaluate (5 - 6) + (11 + -21 - 2).
-13
Calculate (0 - (-16 + 38)) + 24 + 26 + -1.
27
Calculate 0 - -10 - (3 + (6 - -5) + -14).
10
What is the value of -5 + (0 + (5 - 0) - (-16 - -22))?
-6
Evaluate 21 + -19 + -8 + 12.
6
What is the value of (-4 + 3 - 8) + (16 - 1) + -17?
-11
-12 + (2 - (-4 + -13 + 7))
0
Calculate 6 - (-6 - (9 - (-8 + 22) - -1)).
8
What is 0 + (-3 + 18 - 14)?
1
Evaluate 100 - 98 - ((0 - 7) + -1) - 7.
3
Calculate 6 + 1 + -1 + (17 + -21 - 9).
-7
Calculate -5 - (-8 - -13) - (-6 - 0).
-4
Calculate 22 + -13 + (-1 - 11) + 7.
4
What is (-35 - -25) + 11 + -14 + -1?
-14
-6 - ((-3 - 14) + 7 + -10)
14
Evaluate (0 - -7) + 0 + (-30 + 58 - 47).
-12
Calculate (562 - 577) + (42 - -2 - -2).
31
Evaluate 16 - (1 + (-8 - -9) + 4).
10
What is 2 + -9 + 15 - 3 - -4?
9
Evaluate -1 - (-14 + 15) - ((3 - 0) + 7).
-12
Calculate -5 - (19 + 12 + -72).
36
Evaluate -8 + -5 - -15 - (6 + 17).
-21
What is the value of -21 - -21 - (1 - (10 - -3))?
12
What is 29 - ((-18 - 12) + 47)?
12
(6 + 3 + 5 - 9) + 6
11
Calculate (18 - (-11 - -21)) + -18.
-10
Evaluate 9 + -24 + (-5 - -4 - -2).
-14
What is -1 - (8 - 1 - (11 - 6))?
-3
-1 + -6 + (-2 - -2) + 3 + -2
-6
-8 + 12 + -3 - (-1 - -12)
-10
What is (2 - (-1 - -15)) + (2 - -1)?
-9
What is the value of 22 - (49 - 41 - -30)?
-16
130 - 144 - (-3 - -15)
-26
1 + 3 + -9 - (3 + -2 + 5)
-11
What is -448 - -434 - (2 + (-15 - -2))?
-3
Evaluate -6 + 2 - (10 - 12 - (0 - 4)).
-6
What is -13 - (-19 + 33 - (47 + -1))?
19
-8 - 0 - (-5 + (-19 - -8 - 6))
14
Calculate -1 + (-4 - -1) + (-83 - -87).
0
Evaluate 37 + (-3 - (8 + 10)).
16
What is 12 + (-4 - 7 - 2)?
-1
What is the value of -28 - (-11 + 5 + 2 + 2)?
-26
Evaluate -30 - (28 + -46) - -27.
15
Calculate (2 - -3 - -2 - (9 + -6)) + 1.
5
Calculate (81 - (37 - -7)) + -9.
28
What is the value of 21 - (7 - 8 - -9)?
13
What is the value of -34 + (-11 - (-11 - (6 - 8) - 4))?
-32
Evaluate -29 - -12 - 7 - (1 - 0).
-25
Evaluate -1 - (-1 - (3 + (3 - 17) + -9)).
-20
What is -1 - (8 - 0) - -20?
11
Evaluate (4 - (-1 - 0)) + -1 + (52 - 43).
13
Calculate -40 + 26 + -2 - (0 - -5).
-21
Calculate 63 + -17 + -25 + -14.
7
Calculate 7 + (3 - (0 - -5)) - (-3 - -13).
-5
Evaluate -26 + (4 - (7 - 18)).
-11
Evaluate -1 + -75 + 68 + 8 + -2.
-2
What is 19 - (5 + -12 - -16)?
10
20 + 1 + 81 + -59 + -34
9
(2 - 3) + -6 + 4 + -8
-11
What is (11 + -6 - -2) + (-3 - -3)?
7
27 + (1 - 2) + (-361 - -346)
11
3 - (18 + 3) - -18
0
What is 2 - -16 - (-41 + (28 - -10))?
21
What is the value of 31 + -109 + 78 + 1 + -30?
-29
(1 - (3 + (1 - -1))) + -34 + 43
5
What is the value of 35 - (2 - (12 + -57))?
-12
What is 30 + -37 + (0 - 1)?
-8
What is 4 + -18 - -1 - -15?
2
Evaluate 24 + -22 + (-4 - -2 - -8) - 5.
3
What is the value of (-8 + 7 - -9) + 5 + 1?
14
-7 - (8 + -4 + -6) - -4
-1
What is (-1 + 2 - (-16 - -25)) + 4 - 6?
-10
What is the value of -9 + (-33 - -41 - (3 - (-7 - 2)))?
-13
What is -4 - 0 - (6 - (19 + -12 + -14))?
-17
What is -23 + 11 - -4 - -13 - 12?
-7
-12 + 4 - (-6 - 1) - -12
11
What is the value of 2 + -2 + -3 - (21 - 41) - 3?
14
What is (11 - (7 + -4) - -4) + 0 + -1?
11
Evaluate (0 - (12 + 16)) + 51.
23
What is the value of (1 - (-2 - -3) - (64 + -62)) + -9?
-11
(27 - -7) + -26 - 5
3
What is 31 - (8 - 31 - -38)?
16
What is the value of -18 + (-11 - (-17 - (-1 - -2)) - 16)?
-27
What is the value of 6 - (25 + 6 + -41)?
16
What is the value of 1 + (0 - -4) + 5 - (3 + -3)?
10
-2 - ((-1 - (-8 - -2)) + (144 - 136))
-15
Calculate -1 - 10 - ((8 - 14) + 0).
-5
What is -1 +